m**2 + m + 2. Let n(q) = 8*q**3 - 15*q**2 + 3*q + 7. Let h(w) = -4*n(w) + 11*p(w). Let k = -8 + 34. Let y = 21 - k. What is h(y)?
-1
Let l(d) be the first derivative of 3 - d + 1/2*d**2. What is l(-6)?
-7
Suppose 5*v - 4*g - 20 = 0, 2*g + 20 = -2*g. Let p(f) = 2*f - 3*f + v*f + 5*f. Let k(s) = s + 1. Let t(r) = 3*k(r) + p(r). Determine t(-2).
-11
Let d(j) = -3*j - 5. Let o be (-2 - -4)/2 - -1. Suppose 29 = o*u - 31. Suppose 0 = 5*h + h + u. What is d(h)?
10
Suppose 0*a + 78 = 5*a + 3*c, -3*a + 3*c = -42. Suppose 25 = 2*h + 3*p + 2*p, -5*p = -a. Let v(j) = 6 - h*j + 3*j - 17 + j. What is v(-8)?
-3
Let l(m) = 8*m**3 - m**2 + m + 1. Let p(u) = 61*u**3 - 7*u**2 + 6*u + 7. Let v(q) = 6*l(q) - p(q). Determine v(1).
-13
Let l(j) = -j + 2. Let f(u) = -439*u - 1762. Let n be f(-4). What is l(n)?
8
Suppose -29*s - 51*s + 400 = 0. Let m(v) = -v**3 + 3*v**2 + 10*v + 7. What is m(s)?
7
Let m = 1502 - 1489. Let l(d) = -9*d + 15. Let r(x) = -5*x + 7. Let t(k) = -4*l(k) + 7*r(k). Give t(m).
2
Let g(l) = -l**2 + 4*l + 3. Let u be g(4). Suppose -5*s - u = -38. Let y(x) = -x**2 + 10*x - 1. Determine y(s).
20
Suppose -5*p + 2*k = -40, 0 = -2*p + 3*k + 16 + 11. Suppose -5*u = -4*z - 7, u - 2*u = z - 5. Let i(y) = 33 - 3*y + 4*y - z*y - 23. Calculate i(p).
4
Suppose -3*f - f = -2*x - 14, -10 = f + 4*x. Let z = -205 + 206. Let o(q) = q**3 + 5*q - z - 6*q**f - 5 + 0*q**3 + 0*q**3. Calculate o(5).
-6
Let i(f) = 25*f**2 + 4*f - 1. Let g be i(1). Let p = g - 72. Let w = -48 - p. Let n(o) = o**3 + 3*o**2 - 7*o - 6. Give n(w).
6
Suppose -3 + 8 = -m. Let t(z) be the first derivative of 2*z**3/3 + 7*z**2/2 - 696. Give t(m).
15
Let j(q) = q + 26 - 3*q**2 + 2*q**2 - 6. Let c(m) = -3*m - 12. Let x be c(-5). Suppose 3 = -2*v + x. Calculate j(v).
20
Let l(w) = -w**3 - 2*w**2 - 7*w - 8. Let x(g) = -2*g**3 - 2*g**2 - 17*g - 16. Let m(v) = -9*l(v) + 4*x(v). What is m(-11)?
-58
Let k(v) = v**2 - 10*v + 7. Let y(d) be the first derivative of -2*d**3/3 + 9*d + 26. Let i be y(0). Give k(i).
-2
Let u(d) = -2*d + 2. Let t(w) = -13*w + 1. Let r(y) = 10*y. Let v(a) = 4*r(a) + 3*t(a). Let x(k) = u(k) - 2*v(k). What is x(-3)?
8
Let j = -8 + 12. Suppose 40 = r + l - 0*l, l = j. Let n be (-9)/r - 2*(-11)/(-8). Let m(x) = x + 4. Determine m(n).
1
Let y(c) = -c**2 + c + 2. Suppose 2*n + 5*n = 28. Let o be 47 + 13 - (-2 - n/(-2)). Let a = 65 - o. What is y(a)?
-18
Let k = -27 - -28. Let v(m) = 3 + k + 6 + m - 7. Determine v(-3).
0
Let p(m) = -m**2 - 4*m + 5. Let b be 24/10 - (-4)/(-10). Let l(c) = 2*c**3 + 186*c**2 - 184*c + 378. Let z be l(-94). Let u be (-1)/b - 7/z. What is p(u)?
5
Let b be -10*(3 - 2) - (0 + -3). Let t(n) = -2 - 2*n + 4 - 6 + 0 + 0*n. Give t(b).
10
Let l(d) = 2*d**3 - 11*d**2 - 6*d - 9. Let k(r) = r**3 - r**2. Let n(v) = 3*k(v) - l(v). Let z(a) = a**2 + 20*a - 28. Let s be z(-21). Give n(s).
16
Let r(x) = 7923*x + 71303. Let j be r(-9). Let q(a) = -2 - 1 + 7*a - 1. Calculate q(j).
-32
Suppose -29*o = -28*o - 4. Suppose 7*a + 3*r + 24 = 10*a, 13 = 5*a + o*r. Let m(x) = -2*x**2 + 12*x - 4. Determine m(a).
6
Let l be (-12)/10*240/(-144). Let w(r) = 6*r**l - r + r**3 - r + 8*r - 2 + 0*r**2. Suppose -t + 25 = -6*t. Calculate w(t).
-7
Let i(z) be the second derivative of z**5/20 + z**4/3 + z**2/2 - 31*z. Let a = -57 - -87. Let w be -1 + (-22)/10 - (-6)/a. Give i(w).
10
Let j(q) = -q**2 + 5*q - 4. Suppose 4*a = -7*a + 44. Suppose -a*i + 30 = i + x, 3*x = 15. What is j(i)?
-4
Let b(y) = -4*y**2 + 29*y + 30. Suppose 3*q = l - 11, -l = 5*q + 3 + 18. Determine b(l).
-3
Let k(p) be the first derivative of -p**5/20 - p**4/6 - p**3/6 - p**2 - 134*p - 82. Let a(w) be the first derivative of k(w). Give a(-3).
10
Let h = 0 - 56. Let i = h + 62. Suppose 0*o + i*o + 36 = 0. Let u(c) = -c**3 - 5*c**2 + 9*c + 8. Calculate u(o).
-10
Let q(i) be the third derivative of 1/24*i**4 + 0 - 330*i**2 + 1/6*i**3 + 0*i. Suppose -z = 3*z + 8. Determine q(z).
-1
Suppose -3*r = 11*g - 9*g - 19, 0 = -5*r + 3*g. Let k(t) = t**2 - 6*t + 8. Let y be k(r). Let w(c) = 4*c**2 - 2*c**2 - 3*c**2. Determine w(y).
-1
Suppose 0 = -3*h + z - 60, 11*z - 30 = 2*h + 12*z. Let q(d) = d**3 + 17*d**2 - 18*d + 20. Determine q(h).
20
Let q(z) = z - 2. Suppose 0 = -5*w - m + 17 - 16, 5*w + 5*m = 5. Give q(w).
-2
Let i(c) = c**2 + 1. Let j(b) = b - 55*b**2 + 18*b**2 + b**3 + 24*b**2 - 15. Let s(y) = -4*i(y) - j(y). Give s(9).
2
Let v(m) = m**3 - 6*m**2 - 16*m - 6. Suppose -3080*u + 31 = -3070*u - 39. What is v(u)?
-69
Let a(m) = -5*m**3 + 3*m**2 - 8*m. Let f(h) be the first derivative of h**4 - h**3 + 7*h**2/2 - 73. Let t(l) = 5*a(l) + 6*f(l). Calculate t(-3).
-6
Suppose 16*i = -13*i + 29. Let x(s) = 4*s. Let z be x(1). Let p(o) = -6 + 3*o + 6 + 19*o**3 + 2*o**2 - z*o. What is p(i)?
20
Let q(k) = 36 + 20*k - 9 - 7*k + 36. Let x be q(-5). Let p(w) = w**2 + 2*w + 1. Give p(x).
1
Let c(d) = -5*d**2 + 8*d + 11. Let w(r) = 8*r**2 - 15*r - 20. Let z(i) = 5*c(i) + 3*w(i). Let o be 80/(-14) + (-6)/21. Let j be 38/o - 1/(-3). Determine z(j).
-11
Let h(s) = 2*s + 8. Let t(p) = p**3 + 6*p**2 - 7*p + 12. Let o be t(-7). Suppose 5*c - 17*r + o*r = 25, 2*c + 4*r - 16 = 0. Calculate h(c).
20
Let n(r) be the second derivative of -r**3/6 - 3*r**2 - 2*r. Let w(j) = j**2 - 15*j - 43. Let g be w(-2). Calculate n(g).
3
Let u(h) = 16*h + 69. Let b be u(-4). Let s(n) = -b + 1 - 12*n - 3 - 4 + 13. Calculate s(5).
-58
Let h(v) be the second derivative of -v**4/12 + 19*v**3/6 + 2*v**2 + 17*v. Let q be h(19). Suppose -4*l + 12 = -q. Let k(x) = x**2 - 3*x + 1. Calculate k(l).
5
Let o(v) = 10*v + 102. Let d be o(-10). Let s(p) = -7*p**2 - p**2 + p + p + 6*p**2. What is s(d)?
-4
Let r(l) = -l**2 + 8*l + 6. Let m be r(9). Let d(f) = -f + 4. Let k be d(m). Let t(b) be the first derivative of -b**2/2 + 6*b + 492. Give t(k).
-1
Let r(q) be the second derivative of -q**5/20 + 5*q**4/6 + 9*q**3/2 - 5*q**2/2 + 5213*q. What is r(12)?
31
Let a = 11 + -6. Let w(o) = -o**3 - 1308 - 4*o**2 - 2*o**3 - 1307 + 4*o**3 + 2613 - 5*o. Determine w(a).
-2
Let g(h) = -h**2 - 10*h - 17. Let b = 49 + -56. Let y be g(b). Let o(j) = -2*j - 4*j**3 + 4*j**3 + j**3 + 2 - y*j**2 + j. Determine o(4).
-2
Let d(b) = 21*b - 119. Let k = 11797 + -11791. What is d(k)?
7
Suppose -h - h = b - 30, 3*b = -4*h + 80. Let g(f) = -7*f - 19*f + b*f - 2*f. Determine g(-5).
40
Suppose 61*q = 4*m + 62*q + 16, -3*m - 1 = -2*q. Let r(o) = 15*o - 15. What is r(m)?
-60
Let r(s) = 75*s**2 + 0*s - 1 + 67*s**2 - 20*s + 78*s**2 - 218*s**2. Determine r(9).
-19
Let s(j) = -4*j**2 + 8*j - 8. Let f = -18 + 19. Let d(n) = -n**2 - 2. Let r(c) = f*s(c) - 3*d(c). Determine r(8).
-2
Let f(d) = d + 25. Suppose 133*y = 45*y - 2288. Determine f(y).
-1
Let d(j) be the second derivative of -j**6/120 + 11*j**5/60 - j**4/3 - 5*j**3/3 - 24*j**2 + 19*j - 6. Let z(b) be the first derivative of d(b). Calculate z(10).
10
Suppose 18*o - 4*o - 126 = 0. Suppose -o*r = -2*r - 7. Let a(h) = 14*h**3 - 1. Calculate a(r).
13
Let d(o) = -o**3 + 4*o**2 - 4*o + 1. Let y = -633 - -637. Let f be d(y). Let a(l) = -l**2 - 15*l + 4. What is a(f)?
4
Let z(m) = -m**3 - 16*m**2 - 26*m + 26. Let t(b) = -b**3 + 17*b**2 - 49*b - 146. Let p be t(12). Calculate z(p).
-2
Suppose -71 = 21*v + 55. Let k(h) = 2*h**2 + 21*h + 23. Determine k(v).
-31
Let a = -563 - -600. Suppose 4*l + a*l - 82 = 0. Let h(w) = 4*w + 1. Give h(l).
9
Let h(j) = -j**2 - 3*j + 6. Let n = -48 - -51. Let a be n - (88/(-12) - 2)*3. Suppose 3*o = -a + 13. Calculate h(o).
-12
Let l(b) = 3*b. Let c(v) be the first derivative of -2*v**3 + 16*v**2 - 7*v + 238. Let h be c(5). Give l(h).
9
Let y(s) = -83*s - 30. Let p(o) = -26*o - 12. Let u(h) = 16*p(h) - 5*y(h). Give u(15).
-57
Suppose -d = -2*b - 8, d + 5 = -b + 4. Let y(a) = -19*a + 7. What is y(b)?
64
Let q(n) = n**3 - 8*n**2 - 5*n - 5. Let v = -514 - -519. Let l be (-3)/(v/(-15) - 0). Give q(l).
31
Suppose 0 = -3*u - 19 - 2. Let o(j) = -j + 34. Let s(r) = -11*r + 262. Let k(z) = -8*o(z) + s(z). What is k(u)?
11
Suppose -2*n = -72*s + 71*s - 6, n = 5*s + 12. Let a(l) = -2*l**2 + 8*l + 13. What is a(s)?
-11
Suppose 5*d + 3*m = -0*d + 40, -4*d + 2*m + 10 = 0. Suppose -d*a - 84 = 9*a. Let b(o) = -o - 4. What is b(a)?
2
Let i(x) = x**2 + 7*x. Suppose 0*p - 11*p - 748 = 0. Let d = 62 + p. What is i(d)?
-6
Let k = -172 - -98. Let t = -75 - k. Le